 - 5862*q**2 + 0*q. What is w(2)?
2
Suppose 7*i - 9*i - p = -8, 4*i = -5*p + 16. Let y(j) = j**2 - j + 1. What is y(i)?
13
Let g(m) = m**3 + 16*m**2 + 17*m + 33. Let u be g(-15). Let f(h) = h**3 - 2*h**2 + h. Determine f(u).
12
Let n(m) = -m**3 - 2*m**2 + 3*m. Let p(k) = k**3 - 3*k + 1. Let r(j) = 2*n(j) + 3*p(j). Give r(4).
-9
Let d be (-30)/(-48)*10 - 3/(-4). Let y(x) be the third derivative of x**5/60 - 7*x**4/24 - x**3 + 2*x**2 + 7. Calculate y(d).
-6
Let l(g) = -g**2 + 6. Let y(h) be the second derivative of h**4/12 - h**3/6 + 5*h**2/2 + 6*h. Let a be y(0). Let j = 5 - a. What is l(j)?
6
Let l be 9*((-10)/(-9))/10. Let z(x) be the first derivative of -l - 1/2*x**2 - 4*x. Give z(6).
-10
Let f(m) = 3*m + 2. Let y(b) = b**3 - 8*b**2 + 5. Let h be y(8). Suppose -7*q + h*q + 10 = 0. Determine f(q).
17
Suppose 3*r + 28 = 37. Let i(f) = -5*f - 2. Determine i(r).
-17
Let n(h) = -h**3 + 3*h**2 + h - 4. Let v = -146 - -149. What is n(v)?
-1
Suppose 5*c = c. Suppose -k = 2*f - 14, 4*f + 1 = 4*k + f. Let s(b) = -2*b**2 - 3*b**2 + b**3 + k*b**2 + 2 - b. Give s(c).
2
Let f(g) = g**3 - g**2 + g + 18. Let t be 175/35 - (4 - -1). What is f(t)?
18
Suppose 26 = 4*n + 6. Let l(o) = o**2 + 0*o**2 - n*o**2 - 2*o - o**3 - o. Let g be 1 + 1 + -1 + 1 + -4. Give l(g).
-2
Let l(s) = 0 + 3*s - s**3 + 13*s**2 + 5*s - 7 + s - 8*s**2. Calculate l(6).
11
Let n = 521 + -517. Let d(t) = -t**3 + 2*t**2 - 2*t + 4. Calculate d(n).
-36
Suppose 2 = -2*p, -2*w + 1 = 4*p - 31. Let u = w + -17. Let a(r) be the second derivative of -7*r**4/12 - r**2/2 + 23*r. Calculate a(u).
-8
Suppose 0 = 28*z - 33*z + 30. Let l(p) = z - 10 - 2 + 3 - 3*p. Suppose 8 + 2 = -5*d. What is l(d)?
3
Suppose 4*x - 32 = -3*n, -22 = -5*n - 3*x + 13. Let p(s) = -n*s - 3 - 3*s - s - 3. What is p(-4)?
26
Let s(p) = -p**3 + 4*p**2 + 6*p + 3. Let z(g) = -g**3 - 10*g**2 + 14*g + 38. Let f be z(-11). Determine s(f).
8
Let y(a) = a**3 - 5*a - 2. Let d be y(2). Let v(s) = s. Let z(q) = -q**3 - 3*q**2 - q - 1. Let i(b) = d*v(b) - z(b). What is i(-4)?
-3
Let d(x) = x**3 - x + 0 - 3*x**2 + x**2 - 2. Let y = 3262 + -3259. Give d(y).
4
Let i(z) = z + 7 - 15 - 1. Let o(r) be the third derivative of -r**4/24 + 2*r**2. Let x be o(-7). Calculate i(x).
-2
Let d(g) = -7*g**3 + 6*g**2 - 7*g + 4. Let v(i) = -5*i + 1. Let y be v(-1). Let o(s) = s**3 - s**2 + s. Let q(p) = y*o(p) + d(p). Determine q(0).
4
Suppose p = -5*w + 2*p - 10, 0 = 5*w + p. Let y(g) = 10*g**2 + 3*g. Let b be y(w). Let f(i) = -i**2 + 8*i + 7. Calculate f(b).
14
Let u(f) = 28*f - 1. Suppose -3 = -5*q + 2*x, 5*q - 93 + 110 = -3*x. Determine u(q).
-29
Let r(q) = 5*q**3 + 10*q**2 + 36*q + 80. Let o(z) = -z**3 - 2*z**2 - 7*z - 15. Let y(g) = 11*o(g) + 2*r(g). Determine y(-3).
19
Let o(d) = -d**3 + 8*d**2 - 7*d - 2. Suppose 0 = -4*g + 9*g - 2*w - 43, 3*g = -w + 17. Give o(g).
-2
Suppose 0 = 2*t - 5 - 5. Let g be (-4 + 1)/(30/6 + -6). Let i(q) = -6*q**2 - q**3 - 6 - 2*q + 2*q**g + 8*q + 3. Give i(t).
2
Suppose x + 6 = 4*x. Let z(m) = 0*m - 2*m + x + 4 - 2. Let y(d) = d**2 + 4*d + 3. Let v be y(-4). What is z(v)?
-2
Let r(h) = h**2 + 9*h - 7. Let v = 91 + -67. Suppose 3*d = 3*o + 6 + v, -4*d - 32 = 4*o. What is r(o)?
-7
Suppose 4*p + 65 = -p. Let j(x) = -x**3 - 14*x**2 - 15*x - 12. Determine j(p).
14
Suppose 0 = 2*k - 24*k. Let z(w) = -w**3 + w**2 - 4. Give z(k).
-4
Suppose 25*h + 24 = 21*h. Let i(q) = -4*q**2 - 10*q - 9. Let o(t) = -9*t**2 - 21*t - 18. Let r(c) = -7*i(c) + 3*o(c). Calculate r(h).
3
Let k(z) be the second derivative of z**5/20 + 5*z**4/12 + z**3/3 + z**2/2 + 2*z - 71. Let d be ((-2)/(-2))/(2/(-6)). Calculate k(d).
13
Let j(k) = -k - 11. Let m be j(-8). Let t be m/(-12) + (-91)/28. Let q(x) = 2*x + 4. Determine q(t).
-2
Suppose -2*l - 36 = -6*l. Let h(v) = 5*v + l*v - 3 - 16*v + 7*v. What is h(3)?
12
Let g(h) be the first derivative of 3*h - 1/2*h**2 + 7. Determine g(0).
3
Let l(v) = v + 1 + 2 - 7 - 5. Let u be l(9). Let n(m) = 31*m + 4 - 30*m - 5. Determine n(u).
-1
Let r = -28 - -34. Let p(j) = -4*j + r*j**2 + 2 - j**2 + 0*j - 2*j**2. Give p(2).
6
Let v(y) = -15*y**2 - y + 1. Let f be v(-1). Let k = 21 + f. Let z(t) = t - 6. What is z(k)?
2
Let y(b) be the second derivative of b**3/2 - 3*b**2 + 2*b - 81. Determine y(0).
-6
Let b(h) = -h**3 - 39*h**2 + 39*h - 37. Let s be b(-40). Let u(l) = 4*l - 1. What is u(s)?
11
Suppose -4*l + 16 = -8. Let k(f) = -159*f + f**2 - 4 + 44*f + 34*f + 37*f + 39*f. Give k(l).
2
Let n(l) = -5*l - 27. Let q(g) = g + 8. Let c(z) = -n(z) - 2*q(z). Calculate c(-10).
-19
Let t(c) = -2*c - 20. Let z = 352 + -364. Determine t(z).
4
Suppose 188 = 166*b + 22. Let t(w) be the third derivative of -3*w**5/10 - w**4/12 + w**3/6 + w**2. Determine t(b).
-19
Suppose -748*m - 12 = -754*m. Let i(b) be the first derivative of 7 - 2*b - 3/2*b**m. What is i(-2)?
4
Let q = 262 - 269. Let f(u) = u**2 + 8*u + 6. What is f(q)?
-1
Let x(m) = m**2 - 4*m - 3. Let i be x(5). Let g(s) be the first derivative of -1 - s - 5*s + 6*s - s**i. Determine g(3).
-6
Let r(a) be the third derivative of -a**4/24 + 2*a**3/3 + 78*a**2. Give r(9).
-5
Let q(t) = -2*t - 140 - 4*t + 275 - 5*t**2 - 137 - t**3. Calculate q(-2).
-2
Let s(z) = -z**2 + 2*z + 2. Let p(h) = 5*h**2 + 2*h - 24. Let j(m) = -p(m) - 6*s(m). Calculate j(12).
-12
Let o(v) = -2*v**2 - 1. Let f(h) = 5*h**2 - 8*h + 4. Let x(r) = -f(r) - 2*o(r). Suppose -2*q + 4*n = -2, q + 2*n + 3*n = 8. What is x(q)?
13
Let r be (28 - 1)*(-3 + 2). Let o = -24 - r. Let d(z) = 2*z + 2. Give d(o).
8
Let j = 130 - 123. Let w = j + -12. Let o(s) = -s**3 + s**2 + s - 1. Let m(l) = -5*l**3 + 12*l**2 + 13*l - 1. Let x(v) = -m(v) + 6*o(v). Determine x(w).
5
Let s(j) = j**3 + 14*j**2 + 13*j + 6. Let l(v) = -v**2 + 4*v + 19. Let r be l(-4). What is s(r)?
6
Let g(d) be the second derivative of -1/3*d**3 + 19*d + 3*d**2 - 2. Give g(6).
-6
Suppose 0 = -0*d + 4*d. Let x(b) be the second derivative of -b**3/6 - 3*b**2 + 39*b - 2. What is x(d)?
-6
Let i(o) = 4*o**3 - 6*o**3 - 3 + 339*o - 342*o - 5*o**2 + 3*o**3. Determine i(5).
-18
Let z(r) = -8*r**2 - 4*r**2 - 12*r - 13 + 15 - 4 - r**3. What is z(-11)?
9
Suppose -3*u - 1 = -4*u. Let r be -3 - u - (7 - 14). Let h(j) = j - r*j + j. Give h(2).
-2
Let m(s) = 6*s**3 + 98*s**2 + 86*s - 84. Let b(d) = -d**3 - 19*d**2 - 17*d + 17. Let j(h) = -11*b(h) - 2*m(h). What is j(14)?
-5
Let u(i) = 6*i. Suppose -64*j + 16 = -60*j. Suppose 3*k - 7 = 2*v - j*v, -4*k + 13 = -v. Calculate u(k).
18
Let q = 600 + -591. Let y(b) = 2*b - 3. Calculate y(q).
15
Let m(v) = -20*v + 1 + 35*v - 5 - 12*v. Determine m(5).
11
Let w = 120 - 113. Let p(u) = 5 - 4 - u + 2. Calculate p(w).
-4
Let r(h) = 4*h - 17. Let o be r(6). Suppose 3*l - f = 26, -4*f = 2*l - f - 21. Let d = l - o. Let v(g) = -4*g + 2. What is v(d)?
-6
Suppose 86*s - 81*s = 15. Let l(n) = 4*n**2 - 14*n + 3. Calculate l(s).
-3
Suppose -j = 1, -6*j + 11 = 2*f - 5*j. Let q(b) be the third derivative of -b**4/24 + 2*b**3/3 + b**2. What is q(f)?
-2
Let r(j) = j + 11. Suppose 7 = -22*d - 103. What is r(d)?
6
Let t(f) be the first derivative of -f**4/4 + 2*f**3/3 - f**2/2 - f + 1. Suppose 0 = 3*w - 8*w + 25. Let h be (w/5)/1*2. What is t(h)?
-3
Let y(x) = x**3 - x**2 + 4*x - 13. Let g(k) = k**3 - k**2 + 5*k - 15. Let t(u) = 6*g(u) - 7*y(u). Give t(0).
1
Let s(t) be the first derivative of t**5/120 + t**4/3 - 2*t**3/3 - 2. Let u(p) be the third derivative of s(p). Let f = 617 + -624. Give u(f).
1
Suppose -5 = -y + 3. Suppose -7*x + y = -11*x. Let u(i) = 1 - 2 + 2*i**2 - 2 - 3*i. Give u(x).
11
Suppose 9*x + 10 = 28. Let j(v) = -v**2 - 5*v - 5*v**x + 5*v**2 + 9*v. What is j(3)?
3
Let m be 22*7/(42/3). Let b(o) = -o**3 + 10*o**2 + 11*o - 7. Determine b(m).
-7
Suppose -3*f + 1 = -2. Let x(s) = -16*s + 6. Let g(j) = 30*j - 11. Let w(l) = 5*g(l) + 9*x(l). What is w(f)?
5
Let z(f) = -5*f**2 + 9*f - 8. Let j(i) = -9*i**2 + 17*i - 14. Let x(b) = 6*j(b) - 11*z(b). Calculate x(-5).
14
Let o(l) = l**2 + l. Suppose -3*j + 3 = 2*m, 2*j + 0*j - 2 = -4*m. Let s be o(m). Let d(i) = -i**3 + i - 9. Calculate d(s).
-9
Let y = 45 - 40. Let t(v) = -8 + 6*v**2 + 0*v**2 - y*v**2 - 10*v. What is t(10)?
-8
Let o(g) = g**3 + 22*g**2 - 17*g**2 - 3*g - 2 - 5*g**2. What is o(-2)?
-4
Let z(l) = l**2 + l. Let u be z(-1). Let m(i) be the second derivative of -i**4/12 - i**3/6 - 9*i**2